{"id":2265,"date":"2020-05-24T13:19:37","date_gmt":"2020-05-24T13:19:37","guid":{"rendered":"https:\/\/loadzx.com\/loadpttv1\/?page_id=2265"},"modified":"2020-08-22T12:32:24","modified_gmt":"2020-08-22T12:32:24","slug":"pt-c22","status":"publish","type":"page","link":"https:\/\/loadzx.com\/loadpttv1\/pt-c22\/","title":{"rendered":"pt-c22 &#8211; indice3"},"content":{"rendered":"\t\t<div data-elementor-type=\"wp-post\" data-elementor-id=\"2265\" class=\"elementor elementor-2265\">\n\t\t\t\t\t\t<section class=\"has_eae_slider elementor-section elementor-top-section elementor-element elementor-element-acda2f3 elementor-section-stretched elementor-section-boxed elementor-section-height-default elementor-section-height-default\" data-eae-slider=\"87873\" data-id=\"acda2f3\" data-element_type=\"section\" data-e-type=\"section\" data-settings=\"{&quot;stretch_section&quot;:&quot;section-stretched&quot;}\">\n\t\t\t\t\t\t<div class=\"elementor-container elementor-column-gap-no\">\n\t\t\t\t\t<div class=\"has_eae_slider elementor-column elementor-col-100 elementor-top-column elementor-element elementor-element-fd34f7d\" data-eae-slider=\"17496\" data-id=\"fd34f7d\" data-element_type=\"column\" data-e-type=\"column\">\n\t\t\t<div class=\"elementor-widget-wrap elementor-element-populated\">\n\t\t\t\t\t\t<div class=\"elementor-element elementor-element-3a80e2a elementor-widget elementor-widget-heading\" data-id=\"3a80e2a\" data-element_type=\"widget\" data-e-type=\"widget\" data-widget_type=\"heading.default\">\n\t\t\t\t<div class=\"elementor-widget-container\">\n\t\t\t\t\t<h2 class=\"elementor-heading-title elementor-size-default\">\u00cdNDICE<\/h2>\t\t\t\t<\/div>\n\t\t\t\t<\/div>\n\t\t\t\t<div class=\"elementor-element elementor-element-34dd52b elementor-widget elementor-widget-heading\" data-id=\"34dd52b\" data-element_type=\"widget\" data-e-type=\"widget\" data-widget_type=\"heading.default\">\n\t\t\t\t<div class=\"elementor-widget-container\">\n\t\t\t\t\t<h2 class=\"elementor-heading-title elementor-size-default\">PORTUGALIDADE - O PASSADO (1981-93)<\/h2>\t\t\t\t<\/div>\n\t\t\t\t<\/div>\n\t\t\t\t<div class=\"elementor-element elementor-element-7b39476 elementor-widget elementor-widget-spacer\" data-id=\"7b39476\" data-element_type=\"widget\" data-e-type=\"widget\" data-widget_type=\"spacer.default\">\n\t\t\t\t<div class=\"elementor-widget-container\">\n\t\t\t\t\t\t\t<div class=\"elementor-spacer\">\n\t\t\t<div class=\"elementor-spacer-inner\"><\/div>\n\t\t<\/div>\n\t\t\t\t\t\t<\/div>\n\t\t\t\t<\/div>\n\t\t\t\t<section class=\"has_eae_slider elementor-section elementor-inner-section elementor-element elementor-element-06d5b2e elementor-section-boxed elementor-section-height-default elementor-section-height-default\" data-eae-slider=\"83516\" data-id=\"06d5b2e\" data-element_type=\"section\" data-e-type=\"section\">\n\t\t\t\t\t\t<div class=\"elementor-container elementor-column-gap-default\">\n\t\t\t\t\t<div class=\"has_eae_slider elementor-column elementor-col-25 elementor-inner-column elementor-element elementor-element-12e4da2\" data-eae-slider=\"22989\" data-id=\"12e4da2\" data-element_type=\"column\" data-e-type=\"column\">\n\t\t\t<div class=\"elementor-widget-wrap elementor-element-populated\">\n\t\t\t\t\t\t<div class=\"elementor-element elementor-element-0d7cb1d elementor-widget elementor-widget-heading\" data-id=\"0d7cb1d\" data-element_type=\"widget\" data-e-type=\"widget\" data-widget_type=\"heading.default\">\n\t\t\t\t<div class=\"elementor-widget-container\">\n\t\t\t\t\t<h3 class=\"elementor-heading-title elementor-size-default\">IMPRENSA<\/h3>\t\t\t\t<\/div>\n\t\t\t\t<\/div>\n\t\t\t\t\t<\/div>\n\t\t<\/div>\n\t\t\t\t<div class=\"has_eae_slider elementor-column elementor-col-25 elementor-inner-column elementor-element elementor-element-1bf7841\" data-eae-slider=\"26293\" data-id=\"1bf7841\" data-element_type=\"column\" data-e-type=\"column\">\n\t\t\t<div class=\"elementor-widget-wrap elementor-element-populated\">\n\t\t\t\t\t\t<div class=\"elementor-element elementor-element-d582905 elementor-widget elementor-widget-heading\" data-id=\"d582905\" data-element_type=\"widget\" data-e-type=\"widget\" data-widget_type=\"heading.default\">\n\t\t\t\t<div class=\"elementor-widget-container\">\n\t\t\t\t\t<h2 class=\"elementor-heading-title elementor-size-default\">PERIF\u00c9RICOS<\/h2>\t\t\t\t<\/div>\n\t\t\t\t<\/div>\n\t\t\t\t\t<\/div>\n\t\t<\/div>\n\t\t\t\t<div class=\"has_eae_slider elementor-column elementor-col-25 elementor-inner-column elementor-element elementor-element-a530166\" data-eae-slider=\"98690\" data-id=\"a530166\" data-element_type=\"column\" data-e-type=\"column\">\n\t\t\t<div class=\"elementor-widget-wrap elementor-element-populated\">\n\t\t\t\t\t\t<div class=\"elementor-element elementor-element-9611ada elementor-widget elementor-widget-heading\" data-id=\"9611ada\" data-element_type=\"widget\" data-e-type=\"widget\" data-widget_type=\"heading.default\">\n\t\t\t\t<div class=\"elementor-widget-container\">\n\t\t\t\t\t<h2 class=\"elementor-heading-title elementor-size-default\">DISTRIBUIDORES E EDITORAS\n<\/h2>\t\t\t\t<\/div>\n\t\t\t\t<\/div>\n\t\t\t\t\t<\/div>\n\t\t<\/div>\n\t\t\t\t<div class=\"has_eae_slider elementor-column elementor-col-25 elementor-inner-column elementor-element elementor-element-c45926c\" data-eae-slider=\"18845\" data-id=\"c45926c\" data-element_type=\"column\" data-e-type=\"column\">\n\t\t\t<div class=\"elementor-widget-wrap elementor-element-populated\">\n\t\t\t\t\t\t<div class=\"elementor-element elementor-element-3970419 elementor-widget elementor-widget-heading\" data-id=\"3970419\" data-element_type=\"widget\" data-e-type=\"widget\" data-widget_type=\"heading.default\">\n\t\t\t\t<div class=\"elementor-widget-container\">\n\t\t\t\t\t<h2 class=\"elementor-heading-title elementor-size-default\">JOGOS PORTUGUESES<\/h2>\t\t\t\t<\/div>\n\t\t\t\t<\/div>\n\t\t\t\t\t<\/div>\n\t\t<\/div>\n\t\t\t\t\t<\/div>\n\t\t<\/section>\n\t\t\t\t<div class=\"elementor-element elementor-element-799fa38 elementor-widget elementor-widget-spacer\" data-id=\"799fa38\" data-element_type=\"widget\" data-e-type=\"widget\" data-widget_type=\"spacer.default\">\n\t\t\t\t<div class=\"elementor-widget-container\">\n\t\t\t\t\t\t\t<div class=\"elementor-spacer\">\n\t\t\t<div class=\"elementor-spacer-inner\"><\/div>\n\t\t<\/div>\n\t\t\t\t\t\t<\/div>\n\t\t\t\t<\/div>\n\t\t\t\t<section class=\"has_eae_slider elementor-section elementor-inner-section elementor-element elementor-element-3931130 elementor-section-boxed elementor-section-height-default elementor-section-height-default\" data-eae-slider=\"97240\" data-id=\"3931130\" data-element_type=\"section\" data-e-type=\"section\">\n\t\t\t\t\t\t<div class=\"elementor-container elementor-column-gap-default\">\n\t\t\t\t\t<div class=\"has_eae_slider elementor-column elementor-col-12 elementor-inner-column elementor-element elementor-element-257b678\" data-eae-slider=\"13434\" data-id=\"257b678\" data-element_type=\"column\" data-e-type=\"column\">\n\t\t\t<div class=\"elementor-widget-wrap elementor-element-populated\">\n\t\t\t\t\t\t<div class=\"elementor-element elementor-element-d7eb9aa elementor-widget elementor-widget-text-editor\" data-id=\"d7eb9aa\" data-element_type=\"widget\" data-e-type=\"widget\" data-widget_type=\"text-editor.default\">\n\t\t\t\t<div class=\"elementor-widget-container\">\n\t\t\t\t\t\t\t\t\t<a style=\"color: #ffffff3d;\" href=\"https:\/\/loadzx.com\/loadpttv1\/pt-c2\/\"\nonmouseover=\"this.style.color='#2a9aeb3d'\" \nonmouseout=\"this.style.color='#ffffff3d'\">\nTV \u2013 Ponto por Ponto\n<\/a>\n<br>\n<a style=\"color: #ffffff3d;\" href=\"https:\/\/loadzx.com\/loadpttv1\/pt-c4\/\"\nonmouseover=\"this.style.color='#2a9aeb3d'\" \nonmouseout=\"this.style.color='#ffffff3d'\">\nTV \u2013 ZIG ZAG\n<\/a>\n<br>\n<a style=\"color: #ffffff3d;\" href=\"https:\/\/loadzx.com\/loadpttv1\/pt-c6\/\"\nonmouseover=\"this.style.color='#2a9aeb3d'\" \nonmouseout=\"this.style.color='#ffffff3d'\">\nEmiss\u00f5es R\u00e1dio\n<\/a>\n<br>\n<a style=\"color: #ffffff3d;\" href=\"https:\/\/loadzx.com\/loadpttv1\/pt-c8\/\"\nonmouseover=\"this.style.color='#2a9aeb3d'\" \nonmouseout=\"this.style.color='#ffffff3d'\">\nR\u00e1dio Amadorismo e RTTY\n<\/a>\n<br>\n<a style=\"color: #ffffff3d;\" href=\"https:\/\/loadzx.com\/loadpttv1\/pt-c10\/\"\nonmouseover=\"this.style.color='#2a9aeb3d'\" \nonmouseout=\"this.style.color='#ffffff3d'\">\nMicrose7e\n<\/a>\n<br>\n<a style=\"color: #ffffff3d;\" href=\"https:\/\/loadzx.com\/loadpttv1\/pt-c12\/\"\nonmouseover=\"this.style.color='#2a9aeb3d'\" \nonmouseout=\"this.style.color='#ffffff3d'\">\nPokes &amp; Dicas\n<\/a>\n<br>\n<a style=\"color: #ffffff3d;\" href=\"https:\/\/loadzx.com\/loadpttv1\/pt-c14\/\"\nonmouseover=\"this.style.color='#2a9aeb3d'\" \nonmouseout=\"this.style.color='#ffffff3d'\">\nFanzines\n<\/a>\t\t\t\t\t\t\t\t<\/div>\n\t\t\t\t<\/div>\n\t\t\t\t\t<\/div>\n\t\t<\/div>\n\t\t\t\t<div class=\"has_eae_slider elementor-column elementor-col-12 elementor-inner-column elementor-element elementor-element-5797430\" data-eae-slider=\"68844\" data-id=\"5797430\" data-element_type=\"column\" data-e-type=\"column\">\n\t\t\t<div class=\"elementor-widget-wrap elementor-element-populated\">\n\t\t\t\t\t\t<div class=\"elementor-element elementor-element-45341e8 elementor-widget elementor-widget-text-editor\" data-id=\"45341e8\" data-element_type=\"widget\" data-e-type=\"widget\" data-widget_type=\"text-editor.default\">\n\t\t\t\t<div class=\"elementor-widget-container\">\n\t\t\t\t\t\t\t\t\t<div style=\"text-align: right;\">\n<div style=\"color: #ffffff3d;\">2<\/div>\n<div style=\"color: #ffffff3d;\">4<\/div>\n<div style=\"color: #ffffff3d;\">6<\/div>\n<div style=\"color: #ffffff3d;\">8<\/div>\n<div style=\"color: #ffffff3d;\">10<\/div>\n<div style=\"color: #ffffff3d;\">12<\/div>\n<div style=\"color: #ffffff3d;\">14<\/div>\n<\/div>\t\t\t\t\t\t\t\t<\/div>\n\t\t\t\t<\/div>\n\t\t\t\t\t<\/div>\n\t\t<\/div>\n\t\t\t\t<div class=\"has_eae_slider elementor-column elementor-col-12 elementor-inner-column elementor-element elementor-element-4001250\" data-eae-slider=\"15441\" data-id=\"4001250\" data-element_type=\"column\" data-e-type=\"column\">\n\t\t\t<div class=\"elementor-widget-wrap elementor-element-populated\">\n\t\t\t\t\t\t<div class=\"elementor-element elementor-element-b1f1c60 elementor-widget elementor-widget-text-editor\" data-id=\"b1f1c60\" data-element_type=\"widget\" data-e-type=\"widget\" data-widget_type=\"text-editor.default\">\n\t\t\t\t<div class=\"elementor-widget-container\">\n\t\t\t\t\t\t\t\t\t<a style=\"color: #ffffff3d;\" href=\"https:\/\/loadzx.com\/loadpttv1\/pt-c17\/\"\nonmouseover=\"this.style.color='#2a9aeb3d'\" \nonmouseout=\"this.style.color='#ffffff3d'\">\nJG Componentes\n<\/a>\n<br>\n<a style=\"color: #ffffff3d;\" href=\"https:\/\/loadzx.com\/loadpttv1\/pt-c19\/\"\nonmouseover=\"this.style.color='#2a9aeb3d'\" \nonmouseout=\"this.style.color='#ffffff3d'\">\nM.R.E.\n<\/a>\n<br>\n<a style=\"color: #ffffff3d;\" href=\"https:\/\/loadzx.com\/loadpttv1\/pt-c21\/\"\nonmouseover=\"this.style.color='#2a9aeb3d'\" \nonmouseout=\"this.style.color='#ffffff3d'\">\nDemsis e Outros\n<\/a>\t\t\t\t\t\t\t\t<\/div>\n\t\t\t\t<\/div>\n\t\t\t\t\t<\/div>\n\t\t<\/div>\n\t\t\t\t<div class=\"has_eae_slider elementor-column elementor-col-12 elementor-inner-column elementor-element elementor-element-461ed4d\" data-eae-slider=\"88571\" data-id=\"461ed4d\" data-element_type=\"column\" data-e-type=\"column\">\n\t\t\t<div class=\"elementor-widget-wrap elementor-element-populated\">\n\t\t\t\t\t\t<div class=\"elementor-element elementor-element-4abf113 elementor-widget elementor-widget-text-editor\" data-id=\"4abf113\" data-element_type=\"widget\" data-e-type=\"widget\" data-widget_type=\"text-editor.default\">\n\t\t\t\t<div class=\"elementor-widget-container\">\n\t\t\t\t\t\t\t\t\t<div style=\"text-align: right;\">\n<div style=\"color: #ffffff3d;\">17<\/div>\n<div style=\"color: #ffffff3d;\">19<\/div>\n<div style=\"color: #ffffff3d;\">21<\/div>\n<\/div>\t\t\t\t\t\t\t\t<\/div>\n\t\t\t\t<\/div>\n\t\t\t\t\t<\/div>\n\t\t<\/div>\n\t\t\t\t<div class=\"has_eae_slider elementor-column elementor-col-12 elementor-inner-column elementor-element elementor-element-f8f0548\" data-eae-slider=\"78233\" data-id=\"f8f0548\" data-element_type=\"column\" data-e-type=\"column\">\n\t\t\t<div class=\"elementor-widget-wrap elementor-element-populated\">\n\t\t\t\t\t\t<div class=\"elementor-element elementor-element-9431387 elementor-widget elementor-widget-text-editor\" data-id=\"9431387\" data-element_type=\"widget\" data-e-type=\"widget\" data-widget_type=\"text-editor.default\">\n\t\t\t\t<div class=\"elementor-widget-container\">\n\t\t\t\t\t\t\t\t\t<a style=\"color: #ffffff;\" href=\"https:\/\/loadzx.com\/loadpttv1\/pt-c23\/\"\nonmouseover=\"this.style.color='#2a9aeb'\" \nonmouseout=\"this.style.color='#ffffff'\">\nLandry\n<\/a>\n<br>\n<a style=\"color: #ffffff;\" href=\"https:\/\/loadzx.com\/loadpttv1\/pt-c25\/\"\nonmouseover=\"this.style.color='#2a9aeb'\" \nonmouseout=\"this.style.color='#ffffff'\">\nTriudus\n<\/a>\n<br>\n<a style=\"color: #ffffff;\" href=\"https:\/\/loadzx.com\/loadpttv1\/pt-c27\/\"\nonmouseover=\"this.style.color='#2a9aeb'\" \nonmouseout=\"this.style.color='#ffffff'\">\nAstor Software\n<\/a>\n<br>\n<a style=\"color: #ffffff;\" href=\"https:\/\/loadzx.com\/loadpttv1\/pt-c29\/\"\nonmouseover=\"this.style.color='#2a9aeb'\" \nonmouseout=\"this.style.color='#ffffff'\">\nTIMEX PORTUGAL\n<\/a>\n<br>\n<a style=\"color: #ffffff;\" href=\"https:\/\/loadzx.com\/loadpttv1\/pt-c31\/\"\nonmouseover=\"this.style.color='#2a9aeb'\" \nonmouseout=\"this.style.color='#ffffff'\">\nPirataria \u201cLegal\u201d\n<\/a>\n<br>\n<a style=\"color: #ffffff;\" href=\"https:\/\/loadzx.com\/loadpttv1\/pt-c33\/\"\nonmouseover=\"this.style.color='#2a9aeb'\" \nonmouseout=\"this.style.color='#ffffff'\">\nOmni Copy 2\n<\/a>\t\t\t\t\t\t\t\t<\/div>\n\t\t\t\t<\/div>\n\t\t\t\t\t<\/div>\n\t\t<\/div>\n\t\t\t\t<div class=\"has_eae_slider elementor-column elementor-col-12 elementor-inner-column elementor-element elementor-element-38b16d9\" data-eae-slider=\"75495\" data-id=\"38b16d9\" data-element_type=\"column\" data-e-type=\"column\">\n\t\t\t<div class=\"elementor-widget-wrap elementor-element-populated\">\n\t\t\t\t\t\t<div class=\"elementor-element elementor-element-4e14020 elementor-widget elementor-widget-text-editor\" data-id=\"4e14020\" data-element_type=\"widget\" data-e-type=\"widget\" data-widget_type=\"text-editor.default\">\n\t\t\t\t<div class=\"elementor-widget-container\">\n\t\t\t\t\t\t\t\t\t<div style=\"text-align: right;\">\n<div style=\"color: #ffffff;\">23<\/div>\n<div style=\"color: #ffffff;\">25<\/div>\n<div style=\"color: #ffffff;\">27<\/div>\n<div style=\"color: #ffffff;\">29<\/div>\n<div style=\"color: #ffffff;\">31<\/div>\n<div style=\"color: #ffffff;\">33<\/div>\n<\/div>\t\t\t\t\t\t\t\t<\/div>\n\t\t\t\t<\/div>\n\t\t\t\t\t<\/div>\n\t\t<\/div>\n\t\t\t\t<div class=\"has_eae_slider elementor-column elementor-col-12 elementor-inner-column elementor-element elementor-element-ccf5b8a\" data-eae-slider=\"36997\" data-id=\"ccf5b8a\" data-element_type=\"column\" data-e-type=\"column\">\n\t\t\t<div class=\"elementor-widget-wrap elementor-element-populated\">\n\t\t\t\t\t\t<div class=\"elementor-element elementor-element-78cdae1 elementor-widget elementor-widget-text-editor\" data-id=\"78cdae1\" data-element_type=\"widget\" data-e-type=\"widget\" data-widget_type=\"text-editor.default\">\n\t\t\t\t<div class=\"elementor-widget-container\">\n\t\t\t\t\t\t\t\t\t<a style=\"color: #ffffff3d;\" href=\"https:\/\/loadzx.com\/loadpttv1\/pt-c35\/\"\nonmouseover=\"this.style.color='#2a9aeb3d'\" \nonmouseout=\"this.style.color='#ffffff3d'\">\nJos\u00e9 Oliveira\n<\/a>\n<br>\n<a style=\"color: #ffffff3d;\" href=\"https:\/\/loadzx.com\/loadpttv1\/pt-c37\/\"\nonmouseover=\"this.style.color='#2a9aeb3d'\" \nonmouseout=\"this.style.color='#ffffff3d'\">\nMarco &amp; Tito\n<\/a>\n<br>\n<a style=\"color: #ffffff3d;\" href=\"https:\/\/loadzx.com\/loadpttv1\/pt-c39\/\"\nonmouseover=\"this.style.color='#2a9aeb3d'\" \nonmouseout=\"this.style.color='#ffffff3d'\">\nParadise Caf\u00e9\n<\/a>\n<br>\n<a style=\"color: #ffffff3d;\" href=\"https:\/\/loadzx.com\/loadpttv1\/pt-c41\/\"\nonmouseover=\"this.style.color='#2a9aeb3d'\" \nonmouseout=\"this.style.color='#ffffff3d'\">\nCorrida de Carac\u00f3is\n<\/a>\n<br>\n<a style=\"color: #ffffff3d;\" href=\"https:\/\/loadzx.com\/loadpttv1\/pt-c44\/\"\nonmouseover=\"this.style.color='#2a9aeb3d'\" \nonmouseout=\"this.style.color='#ffffff3d'\">\nTalism\u00e3\n<\/a>\n<br>\n<a style=\"color: #ffffff3d;\" href=\"https:\/\/loadzx.com\/loadpttv1\/pt-c46\/\"\nonmouseover=\"this.style.color='#2a9aeb3d'\" \nonmouseout=\"this.style.color='#ffffff3d'\">\nCity Connection\n<\/a>\n<br>\n<a style=\"color: #ffffff3d;\" href=\"https:\/\/loadzx.com\/loadpttv1\/pt-c47\/\"\nonmouseover=\"this.style.color='#2a9aeb3d'\" \nonmouseout=\"this.style.color='#ffffff3d'\">\nPlay for Peace\n<\/a>\t\t\t\t\t\t\t\t<\/div>\n\t\t\t\t<\/div>\n\t\t\t\t\t<\/div>\n\t\t<\/div>\n\t\t\t\t<div class=\"has_eae_slider elementor-column elementor-col-12 elementor-inner-column elementor-element elementor-element-9e93281\" data-eae-slider=\"28161\" data-id=\"9e93281\" data-element_type=\"column\" data-e-type=\"column\">\n\t\t\t<div class=\"elementor-widget-wrap elementor-element-populated\">\n\t\t\t\t\t\t<div class=\"elementor-element elementor-element-4f1344c elementor-widget elementor-widget-text-editor\" data-id=\"4f1344c\" data-element_type=\"widget\" data-e-type=\"widget\" data-widget_type=\"text-editor.default\">\n\t\t\t\t<div class=\"elementor-widget-container\">\n\t\t\t\t\t\t\t\t\t<div style=\"text-align: right;\">\n<div style=\"color: #ffffff3d;\">35<\/div>\n<div style=\"color: #ffffff3d;\">37<\/div>\n<div style=\"color: #ffffff3d;\">39<\/div>\n<div style=\"color: #ffffff3d;\">41<\/div>\n<div style=\"color: #ffffff3d;\">44<\/div>\n<div style=\"color: #ffffff3d;\">46<\/div>\n<div style=\"color: #ffffff3d;\">47<\/div>\n<\/div>\t\t\t\t\t\t\t\t<\/div>\n\t\t\t\t<\/div>\n\t\t\t\t\t<\/div>\n\t\t<\/div>\n\t\t\t\t\t<\/div>\n\t\t<\/section>\n\t\t\t\t\t<\/div>\n\t\t<\/div>\n\t\t\t\t\t<\/div>\n\t\t<\/section>\n\t\t\t\t<\/div>\n\t\t","protected":false},"excerpt":{"rendered":"<p>\u00cdNDICE PORTUGALIDADE &#8211; O PASSADO (1981-93) IMPRENSA PERIF\u00c9RICOS DISTRIBUIDORES E EDITORAS JOGOS PORTUGUESES TV \u2013 Ponto por Ponto TV \u2013 ZIG ZAG Emiss\u00f5es R\u00e1dio R\u00e1dio Amadorismo e RTTY Microse7e Pokes &amp; Dicas Fanzines 2 4 6 8 10 12 14 JG Componentes M.R.E. Demsis e Outros 17 19 21 Landry Triudus Astor Software TIMEX PORTUGAL [&hellip;]<\/p>\n","protected":false},"author":1,"featured_media":0,"parent":0,"menu_order":0,"comment_status":"closed","ping_status":"closed","template":"","meta":{"site-sidebar-layout":"no-sidebar","site-content-layout":"page-builder","ast-site-content-layout":"default","site-content-style":"default","site-sidebar-style":"default","ast-global-header-display":"","ast-banner-title-visibility":"","ast-main-header-display":"","ast-hfb-above-header-display":"","ast-hfb-below-header-display":"","ast-hfb-mobile-header-display":"","site-post-title":"disabled","ast-breadcrumbs-content":"","ast-featured-img":"disabled","footer-sml-layout":"","ast-disable-related-posts":"","theme-transparent-header-meta":"enabled","adv-header-id-meta":"","stick-header-meta":"","header-above-stick-meta":"","header-main-stick-meta":"","header-below-stick-meta":"","astra-migrate-meta-layouts":"default","ast-page-background-enabled":"default","ast-page-background-meta":{"desktop":{"background-color":"var(--ast-global-color-4)","background-image":"","background-repeat":"repeat","background-position":"center center","background-size":"auto","background-attachment":"scroll","background-type":"","background-media":"","overlay-type":"","overlay-color":"","overlay-opacity":"","overlay-gradient":""},"tablet":{"background-color":"","background-image":"","background-repeat":"repeat","background-position":"center center","background-size":"auto","background-attachment":"scroll","background-type":"","background-media":"","overlay-type":"","overlay-color":"","overlay-opacity":"","overlay-gradient":""},"mobile":{"background-color":"","background-image":"","background-repeat":"repeat","background-position":"center center","background-size":"auto","background-attachment":"scroll","background-type":"","background-media":"","overlay-type":"","overlay-color":"","overlay-opacity":"","overlay-gradient":""}},"ast-content-background-meta":{"desktop":{"background-color":"var(--ast-global-color-5)","background-image":"","background-repeat":"repeat","background-position":"center center","background-size":"auto","background-attachment":"scroll","background-type":"","background-media":"","overlay-type":"","overlay-color":"","overlay-opacity":"","overlay-gradient":""},"tablet":{"background-color":"var(--ast-global-color-5)","background-image":"","background-repeat":"repeat","background-position":"center center","background-size":"auto","background-attachment":"scroll","background-type":"","background-media":"","overlay-type":"","overlay-color":"","overlay-opacity":"","overlay-gradient":""},"mobile":{"background-color":"var(--ast-global-color-5)","background-image":"","background-repeat":"repeat","background-position":"center center","background-size":"auto","background-attachment":"scroll","background-type":"","background-media":"","overlay-type":"","overlay-color":"","overlay-opacity":"","overlay-gradient":""}},"footnotes":""},"wf_page_folders":[11],"class_list":["post-2265","page","type-page","status-publish","hentry"],"_links":{"self":[{"href":"https:\/\/loadzx.com\/loadpttv1\/wp-json\/wp\/v2\/pages\/2265","targetHints":{"allow":["GET"]}}],"collection":[{"href":"https:\/\/loadzx.com\/loadpttv1\/wp-json\/wp\/v2\/pages"}],"about":[{"href":"https:\/\/loadzx.com\/loadpttv1\/wp-json\/wp\/v2\/types\/page"}],"author":[{"embeddable":true,"href":"https:\/\/loadzx.com\/loadpttv1\/wp-json\/wp\/v2\/users\/1"}],"replies":[{"embeddable":true,"href":"https:\/\/loadzx.com\/loadpttv1\/wp-json\/wp\/v2\/comments?post=2265"}],"version-history":[{"count":0,"href":"https:\/\/loadzx.com\/loadpttv1\/wp-json\/wp\/v2\/pages\/2265\/revisions"}],"wp:attachment":[{"href":"https:\/\/loadzx.com\/loadpttv1\/wp-json\/wp\/v2\/media?parent=2265"}],"wp:term":[{"taxonomy":"wf_page_folders","embeddable":true,"href":"https:\/\/loadzx.com\/loadpttv1\/wp-json\/wp\/v2\/wf_page_folders?post=2265"}],"curies":[{"name":"wp","href":"https:\/\/api.w.org\/{rel}","templated":true}]}}